te number?
True
Suppose 4*y - 145 = c + 193, y = 3*c + 90. Suppose 2*s = 34 + y. Is s a prime number?
True
Let o(s) = s - 1. Let t(h) = -4*h + 3. Let i(y) = -2*o(y) - t(y). Let z be i(-2). Is 69*((-5)/3)/z a prime number?
True
Suppose y - 6*y + 5429 = -3*s, -y + 1091 = 2*s. Is y composite?
False
Let s(i) = -i**2 + 4*i - 3. Let w be s(4). Let g be (w/((-6)/4))/(-1). Let b(n) = 2*n**2 - 1. Is b(g) a prime number?
True
Let w = 7 + -7. Suppose w*x = -4*x + 156. Suppose 3*f = -2*r + 2*f + x, r - 4*f - 33 = 0. Is r prime?
False
Let s(j) = -j**3 - j + 5. Let i be s(0). Suppose 3*l = -2*l. Suppose -x + 60 = 5*y + 16, -i*y + 25 = l. Is x a composite number?
False
Let q(r) = r**3 + 8*r**2 - 3*r - 5. Let u be (14/4)/((-2)/4). Is q(u) a prime number?
False
Suppose 0 = 4*r - 0*r - 8. Suppose x = -g + 114, -3*g = -r*g - 2*x - 117. Is g composite?
True
Let q be (30/(-24))/(1/(-20)). Let y = -6 + q. Is y a composite number?
False
Let b be (-1 - 2) + 0 + 3. Suppose -7*o + 2*o + 4*t + 26 = 0, o - t - 6 = b. Is (294 + 0)/o - -2 composite?
False
Let x(w) = 144*w**3 - 1. Let y be x(-1). Let v = -68 - y. Let h = v + -42. Is h prime?
False
Let l = -183 + 314. Is l composite?
False
Suppose 90 = m - 19. Is m prime?
True
Let i(q) = q**3 + 4*q**2 + 4*q + 4. Is i(5) a composite number?
True
Let n be ((-16)/(-6))/(4/282). Suppose h = -d - 104, 2*d + 3*d - 2*h = -513. Let q = d + n. Is q a composite number?
True
Let h(r) = -r**3 + r**2 + 6*r - 7. Let c = -3 + -3. Is h(c) composite?
True
Let c(m) = -5 + 3*m**2 + 2*m**2 + 4 + 3*m. Let s be c(2). Is (-884)/(-10) - (-15)/s composite?
False
Let d(s) = 2*s + 9 + 4*s - 3*s - 2*s. Let x be d(-7). Suppose 2*c + 16 = -x*p + 114, -5*p + 143 = 3*c. Is c prime?
False
Let j be 3 - 3/(-6)*0. Let w = -3 + -1. Let k = j - w. Is k prime?
True
Let k = -66 - -109. Is k composite?
False
Let k be 10/2 + (-11 - -8). Is 164/k + (3 - 2) composite?
False
Let n = 2092 + -1049. Is n prime?
False
Let h(m) = -8*m**3 - 2*m**2 - 2*m + 10. Let f(g) = 9*g**3 + 3*g**2 + 3*g - 11. Let z(q) = 5*f(q) + 6*h(q). Let b be z(4). Is (-2 - -4)*b/(-2) a prime number?
True
Suppose 0 = 2*x - 5*x. Suppose b - 2*z = 215, x = 4*b - 5*z - 1058 + 186. Is b composite?
False
Let k(g) = -11*g**3 + 5*g**2 + 3*g - 2. Is k(-3) composite?
False
Let x = 207 - 161. Is x a composite number?
True
Let b(q) = -9*q**3 - 2*q**2 - q. Let n be b(-1). Suppose 0 = 4*l - n - 0. Suppose 0*u - l*u = -46. Is u prime?
True
Suppose 15 = -3*f - 5*x + 257, -4*f + 314 = -2*x. Let k = 172 + f. Is k a composite number?
False
Suppose 2*h - 3*g - 2*g = 44, 8 = -h - 5*g. Let x be ((-4)/h)/((-2)/1194). Suppose -l = -5*p + 630, 2*l + x = 2*p - 45. Is p composite?
False
Let d(w) = -w**3 - 7*w**2 - 6*w + 7. Let z = 6 - 12. Is d(z) composite?
False
Is (4604/(-6))/(10/(-15)) prime?
True
Suppose 3*m - 14 = 13. Let t = m + -38. Let u = -18 - t. Is u a prime number?
True
Suppose 0*r = 4*c - r - 1392, -4*c + 5*r = -1392. Is 3/(-5) + c/30 a composite number?
False
Suppose -2*o = -7*o - 4*m, 2*m = 5*o - 30. Let h(u) = -u**3 + 3*u**2 - 5*u - 1. Let g be h(-4). Suppose -q + 125 = -2*d, 5*q - 6*q = o*d - g. Is q composite?
False
Let l(y) = y - 3. Let s(q) = 2. Let o(k) = -4*l(k) - 5*s(k). Let w be o(2). Is (-2 + (-51)/w)*2 prime?
True
Let k be ((-1)/2)/(-1)*0. Suppose k*q = 3*q - 57. Is q composite?
False
Let w(x) = -8*x - 1. Let q be w(-1). Let n(c) = -c**3 + 8*c**2 - 6*c + 7. Is n(q) composite?
True
Let s(q) = -393*q. Let o be s(5). Is o/(-25) - (-4)/10 prime?
True
Let n(j) = 59*j**2 - 3*j - 3. Is n(-2) a composite number?
False
Let i(x) be the third derivative of -1/6*x**4 + 1/30*x**5 + 0*x - 5/6*x**3 + 0 - 4*x**2. Is i(-7) prime?
False
Suppose 0 = 3*f - 9 - 99. Let z = f + -50. Is (6/(-4) + 1)*z composite?
False
Let z be -6 - -10 - -2*1. Suppose 0*x - 11 = -3*x + c, 4*x + 3*c = z. Suppose 5*m - 2*u - 271 = 2*m, x*m = 5*u + 277. Is m a composite number?
False
Suppose 3*y + 30 = -2*y. Is ((-2)/y)/(1/27) a prime number?
False
Let d(x) be the second derivative of -43*x**3/6 - x**2 + 2*x. Is d(-3) a composite number?
False
Is -22*(2 - 92/8) composite?
True
Let w = -92 - -53. Let h = 78 + w. Suppose 0*y - h = -y. Is y composite?
True
Suppose 95*l - 3981 = 92*l. Is l prime?
True
Let z = 8 + -1. Suppose 2*s + 110 = z*s. Is s prime?
False
Suppose 0 = -2*v + v. Suppose -5*t - 1613 = -5*w - 548, v = -w + 5*t + 197. Is w a composite number?
True
Let q(l) = l + 10. Let y be q(0). Let s(v) = 2*v - y*v**3 - 67*v**3 + 0 + 1 + v**2. Is s(-1) prime?
False
Let i(g) = g**3 + 9*g**2 + 8*g + 6. Let p be i(-8). Is (-2)/p - 476/(-6) a prime number?
True
Suppose -h = -5*g - 1077, -3*h + 0*g = -g - 3259. Is h a composite number?
False
Let d(z) = z**2 + 4*z - 8. Let y = 9 - 15. Let h be d(y). Is h/(-22) - 1434/(-22) composite?
True
Let i(t) = -3 + t + 3*t**2 - 2 + 1 - 1. Is i(-6) composite?
False
Let o = 3 + -5. Is (o + 40)/1 + -1 a prime number?
True
Suppose 32*c = 38*c - 66090. Is c a prime number?
False
Let x = 773 - 436. Is x a composite number?
False
Suppose 3*z + 14 = -31. Let b = 0 - z. Is b a prime number?
False
Let f(q) = 23*q**2 + 2*q + 2. Is f(-3) a prime number?
False
Let t be (-4)/(-6) - 1645/(-21). Is (0 + t)*-1*-1 prime?
True
Suppose -2*s = 6*n - 3*n - 7, 5*s - 28 = 3*n. Let l be (-4)/12*43*-3. Suppose 3*c - s = 5*f, 0 = 4*c + f - l - 2. Is c a composite number?
True
Let u = -17 - -12. Let o = 7 + u. Is 1 - (-125 - o - -1) composite?
False
Let y = 2 - 2. Suppose y*q = -2*z + 3*q + 413, 4*z = 2*q + 822. Is z composite?
True
Suppose 0*z = -2*m - z + 840, 3*m - 5*z - 1273 = 0. Suppose 0 = 4*v + 5*x - m, 0 = 5*v - 2*x - 3*x - 560. Is v prime?
True
Suppose 6*x - 4*f = 4*x + 118, 4*f + 224 = 4*x. Is (-2)/1 + (x - 2) composite?
True
Let v = 329 + 372. Is v prime?
True
Let w = 716 + -129. Is w a prime number?
True
Suppose -5*a = -578 - 167. Is a composite?
False
Is 224996/52 + (-2)/(-13) prime?
True
Let k be (4/(-6))/(4/(-72)). Is 232/3 - 4/k a composite number?
True
Let r(k) = 3*k**2 - 11*k - 13. Is r(17) a prime number?
False
Let p = 1 - 2. Is p/4 + 461/4 prime?
False
Let a be (-3)/((-668)/(-680) - 1). Let z = 349 - a. Is z prime?
True
Let l(j) = j**2 - 9*j + 4. Let t be l(9). Suppose -t*q + 6*q = 158. Is q prime?
True
Let h(q) be the first derivative of -2 + 21*q - 1/2*q**2 + 1/3*q**3. Is h(0) prime?
False
Let t(v) = 3*v**2 + 5*v + 8. Is t(15) a composite number?
True
Let k(i) = -i**3 + 8*i**2 + 8*i + 12. Let u be k(9). Let q = 5 - u. Is (-133)/(-2) - q/(-4) composite?
False
Let a(l) = -2*l - 9. Let f be a(-7). Suppose 0 = 2*s + m - 381, -959 = -f*s + m + 3*m. Is s composite?
False
Suppose 2*g - 5*f + 0*f + 75 = 0, 0 = -g - 2*f - 15. Let z = 236 + g. Is z a prime number?
True
Let b be (-4)/(-6) - 6832/(-21). Is b/(-6 + 3 + 5) composite?
False
Suppose 2*g = 5*h + 8, -3*h + h + 16 = 4*g. Suppose t + 3*t + 5*x - 671 = 0, h = -5*x - 5. Is t prime?
False
Let n(p) be the second derivative of -p**5/6 - p**4/8 - p**3/6 - 2*p. Let o(u) be the second derivative of n(u). Is o(-3) a prime number?
False
Is 1 + -4 + 210 + 4 a prime number?
True
Suppose 0*b - 3*w + 936 = 3*b, -4*b = -5*w - 1203. Let u = b + -204. Suppose 0 = -5*f + u + 52. Is f composite?
False
Let q = -310 - -437. Is q composite?
False
Suppose 5*t + m = 334 + 846, -m = 4*t - 945. Is t a prime number?
False
Suppose f = -3*f + 16. Suppose 0 = -2*n - 3*a - 221, f*n + 164 = a - 257. Is 2/((-4)/n) - -2 a prime number?
False
Let w = 16 - 10. Suppose -5*y = -w*y + 5, 5*q + 55 = y. Let m = q - -35. Is m composite?
True
Let d = 495 + -272. Is d composite?
False
Let a = 245 - 66. Is a composite?
False
Suppose -2*y + 6 = -0. Suppose y*d - 14 = d. Suppose -5*q + d*m - 2*m = -50, 11 = 2*q + m. Is q a prime number?
True
Let x be 44/(-6)*(-9)/6. Let l = x + -8. Suppose 14 + 103 = l*r. Is r a composite number?
True
Suppose 0 = -31*o + 35*o - 3836. Is o a composite number?
True
Suppose 0 = -5*a - 3*q - 42, -a - a - 5*q - 13 = 0. Let i = -7 + 1. Let s = i - a. Is s composite?
False
Suppose 0 = -7*t + 2*t + 20. Suppose -3*j - 173 = -z, -4*z + 342 = -2*z - t*j. Let l = z + -90. Is l a composite number?
True
Let h(m) = 2273*m - 11. Is h(2) a prime number?
False
Let d be 2/(-9) - (-104)/(-18). Is ((-160)/d - -3)*3 a composite number?
False
Let c be 3/(6/118) + -1. Suppose 3*y + 5*k = 5*y - c, -5*y